{"id":11563,"date":"2023-03-03T18:26:46","date_gmt":"2023-03-03T18:26:46","guid":{"rendered":"http:\/\/industrialdelbajio.com.mx\/esp\/?post_type=product&#038;p=11563"},"modified":"2023-03-16T19:04:06","modified_gmt":"2023-03-16T19:04:06","slug":"caja-refrigerada","status":"publish","type":"product","link":"https:\/\/industrialdelbajio.com.mx\/esp\/product\/caja-refrigerada\/","title":{"rendered":"CAJA REFRIGERANTE"},"content":{"rendered":"","protected":false},"excerpt":{"rendered":"<h3><span style=\"color: #000000;\"><strong>\u00a1\u00a1CAJA REFRIGERANTE<span style=\"color: #000000;\">!!<\/span><\/strong><\/span><\/h3>\n<p><span style=\"color: #000000;\"><strong>MARCA:<\/strong> UTILITY<\/span><\/p>\n<p><span style=\"color: #000000;\"><strong>A\u00d1O:\u00a0<\/strong>2004<\/span><\/p>\n<p><span style=\"color: #000000;\"><strong>CAPACIDAD:<\/strong> 15 TONELADAS<\/span><\/p>\n<p><span style=\"color: #000000;\"><strong>MEDIDAS:<\/strong> <strong>LARGO<\/strong>: 15 METROS LINEALES \/ <strong>ALTO:<\/strong> 2.50 METROS \/ <strong>ANCHO:<\/strong> 2.70 METROS<\/span><\/p>\n<h3><span style=\"color: #000000;\"><strong>PRECIO DE U$D 12,000 DOLARES\u00a0<\/strong><\/span><\/h3>\n<p><span style=\"color: #000000;\"><strong>COMUN\u00cdCATE CON NOSOTROS PARA M\u00c1S INFORMACI\u00d3N.<\/strong><\/span><\/p>\n","protected":false},"featured_media":11564,"template":"","meta":{"_joinchat":[]},"_links":{"self":[{"href":"https:\/\/industrialdelbajio.com.mx\/esp\/wp-json\/wp\/v2\/product\/11563"}],"collection":[{"href":"https:\/\/industrialdelbajio.com.mx\/esp\/wp-json\/wp\/v2\/product"}],"about":[{"href":"https:\/\/industrialdelbajio.com.mx\/esp\/wp-json\/wp\/v2\/types\/product"}],"version-history":[{"count":1,"href":"https:\/\/industrialdelbajio.com.mx\/esp\/wp-json\/wp\/v2\/product\/11563\/revisions"}],"predecessor-version":[{"id":11581,"href":"https:\/\/industrialdelbajio.com.mx\/esp\/wp-json\/wp\/v2\/product\/11563\/revisions\/11581"}],"wp:featuredmedia":[{"embeddable":true,"href":"https:\/\/industrialdelbajio.com.mx\/esp\/wp-json\/wp\/v2\/media\/11564"}],"wp:attachment":[{"href":"https:\/\/industrialdelbajio.com.mx\/esp\/wp-json\/wp\/v2\/media?parent=11563"}],"curies":[{"name":"wp","href":"https:\/\/api.w.org\/{rel}","templated":true}]}}